{"id":884,"date":"2022-04-21T21:58:24","date_gmt":"2022-04-21T18:58:24","guid":{"rendered":"https:\/\/icomss23.selcuk.edu.tr\/?page_id=884"},"modified":"2023-06-16T09:11:11","modified_gmt":"2023-06-16T06:11:11","slug":"proceedings","status":"publish","type":"page","link":"https:\/\/icomss23.selcuk.edu.tr\/index.php\/proceedings\/","title":{"rendered":"Proceedings"},"content":{"rendered":"<div id=\"pl-884\"  class=\"panel-layout\" ><div id=\"pg-884-0\"  class=\"panel-grid panel-no-style\" ><div id=\"pgc-884-0-0\"  class=\"panel-grid-cell\" ><div id=\"panel-884-0-0-0\" class=\"so-panel widget widget_themegrill_flash_heading tg-widget section-title-wrapper panel-first-child\" data-index=\"0\" >\t<h3 class=\"section-title\">PROCEEDINGS<\/h3>\n<\/div><div id=\"panel-884-0-0-1\" class=\"widget_text so-panel widget widget_custom_html panel-last-child\" data-index=\"1\" ><div class=\"textwidget custom-html-widget\"><html>\n\t<head>\n\t\t<style>\n\t\t\t.blinktext {\n          -webkit-animation: blink-text 800ms linear infinite;\n          -moz-animation: blink-text 800ms linear infinite;\n          -ms-animation: blink-text 800ms linear infinite;\n          -o-animation: blink-text 800ms linear infinite;\n           animation: blink-text 800ms linear infinite;\n      }\n\t\t\t\t@-webkit-keyframes blink-text {\n\t\t\t\t\t\t0% { opacity: 1; }\n\t\t\t\t\t\t50% { opacity: 1; }\n\t\t\t\t\t\t50.01% { opacity: 0; }\n\t\t\t\t\t\t100% { opacity: 0; }\n\t\t\t\t}\n\t\t\t\t@-moz-keyframes blink-text {\n\t\t\t\t\t\t0% { opacity: 1; }\n\t\t\t\t\t\t50% { opacity: 1; }\n\t\t\t\t\t\t50.01% { opacity: 0; }\n\t\t\t\t\t\t100% { opacity: 0; }\n\t\t\t\t}\n\t\t\t\t@-ms-keyframes blink-text {\n\t\t\t\t\t\t0% { opacity: 1; }\n\t\t\t\t\t\t50% { opacity: 1; }\n\t\t\t\t\t\t50.01% { opacity: 0; }\n\t\t\t\t\t\t100% { opacity: 0; }\n\t\t\t\t}\n\t\t\t\t@-o-keyframes blink-text {\n\t\t\t\t\t\t0% { opacity: 1; }\n\t\t\t\t\t\t50% { opacity: 1; }\n\t\t\t\t\t\t50.01% { opacity: 0; }\n\t\t\t\t\t\t100% { opacity: 0; }\n\t\t\t\t}\n\t\t\t\t@keyframes blink-text {\n\t\t\t\t\t\t0% { opacity: 1; }\n\t\t\t\t\t\t50% { opacity: 1; }\n\t\t\t\t\t\t50.01% { opacity: 0; }\n\t\t\t\t\t\t100% { opacity: 0; }\n\t\t\t\t}\n\n\t\t\tdiv.a {\n\t\t\t\tposition: absolute;\n\t\t\t\tfont-size: 15px;\n\t\t\t}\n\t\t<\/style>\n\t<\/head>\n\t<body>\n\t\t<div class=\"a\">\n\t\t\t<p>\n\t\t\t\t<strong>Proceeding Book:<\/strong> 2023 Proceedings of International E-Conference on Mathematical and Statistical Sciences: A Selcuk Meeting <br> \n&nbsp;&nbsp;&nbsp;&nbsp;&nbsp;&nbsp;&nbsp;&nbsp;&nbsp;&nbsp;&nbsp;&nbsp;&nbsp;&nbsp;&nbsp;&nbsp;&nbsp;&nbsp;&nbsp;&nbsp;&nbsp;&nbsp;&nbsp;&nbsp;&nbsp;&nbsp;&nbsp;&nbsp;&nbsp;&nbsp;&nbsp;&nbsp;&nbsp;&nbsp;\n\n\n\nISBN: 978-625-00-8778-7<\/p>\n\t\t\t<p>\n\t\t\t\t<strong>Special issues<\/strong> of the following peer-reviewed international journals dedicated to the Conference will be published:\n\t\t\t<\/p>\n\t\t\t\t<ol>\n\t\t\t\t\t<li><a href=\"https:\/\/www.degruyter.com\/journal\/key\/dema\/html\">1. Demonstratio Mathematica (SCIE)<\/a> (Maximum 10 papers)<br>\n\t\t\t\t\t\tGuest Editor: Tuncer Acar<br>\n\t\t\t\t\t<\/li>\n\t\t\t<\/ol>\n\t\t\t<p style=\"color:red;\">\n\t\t\t\tDemonstratio Mathematica has article processing charge in general but the journal will organize this issue free as donation. <br>Thanks to the journal and De\u2019Gruyter.\n\t\t\t<\/p>\n\t\t\t<ol>\n\t\t\t\t\t<li><a href=\"http:\/\/www.ilirias.com\/jma\/\">2. Journal of Mathematical Analysis (E-SCI)<\/a>(Maximum 20 papers) <br>\n\t\t\t\t\tGuest Editors: Tuncer Acar, Harun Karsl\u0131\n\t\t\t\t\t<\/li>\n\t\t\t<\/ol>\n\t\t\t<p style=\"color:red;\">\n\t\t\t\tJournal of Mathematical Analysis has article processing charge in general but the journal will organize this issue free as donation. <br>Thanks to the journal and Ilirias.\n\t\t\t<\/p>\n\t\t\t\n\t\t\t<ol>\n\t\t\t\t\t<li><a href=\"https:\/\/tcms.org.ge\/Journals\/ASETMJ\/special-issues_15\/\">3. Advanced Studies: Euro-Tbilisi Mathematical Journal (E-SCI)<\/a> (Maximum 20 papers)<br>\n\t\t\t\t\tGuest Editors: \u00d6zlem Acar, Kaz\u0131m \u0130larslan\n\t\t\t\t\t<\/li>\n\t\t\t<\/ol>\n\t\t\t<p style=\"color:red;\">\n\t\t\t\tThanks to the journal and Tbilisi Centre for Mathematical Sciences for their supports and donations.\n\t\t\t<\/p>\n\t\t\t<ol>\n\t\t\t\t\t<li><a href=\"https:\/\/www.mdpi.com\/journal\/symmetry\/special_issues\/I155139CW3\">4. Symmetry (SCIE)<\/a> (Maximum free 5 papers)<br>\n\t\t\t\t\tGuest Editors: Tuncer Acar, Ali Aral\n\t\t\t\t\t<\/li>\n\t\t\t<\/ol>\n\t\t\t<p style=\"color:red;\">\n\t\t\t\tSymmetry has article processing charge in general but the journal will organize this issue free (Maximum 5 papers) as donation. <br>Thanks to the journal and MDPI.\n\t\t\t<\/p>\n\t\t\t\t\t<ol>\n\t\t\t\t\t<li><a href=\"https:\/\/polipapers.upv.es\/index.php\/AGT\/ICOMSS\">5. Applied General Topology (E-SCI)<\/a> (Maximum 20 papers)<br>\n\t\t\t\t\tGuest Editors: \u00d6zlem Acar, Mahpeyker \u00d6zt\u00fcrk\n\t\t\t\t\t<\/li>\n\t\t\t<\/ol>\n\t\t\t<p style=\"color:red;\">\n\t\t\t\tThanks to the journal and Universitat Polit\u00e8cnica de Val\u00e8ncia for their supports and donations.\n\t\t\t<\/p>\n\n\t\t<\/div>\n\t<\/body>\n<\/html><\/div><\/div><\/div><\/div><\/div>","protected":false},"excerpt":{"rendered":"<p>PROCEEDINGS Proceeding Book: 2023 Proceedings of International E-Conference on Mathematical and Statistical Sciences: A Selcuk Meeting &nbsp;&nbsp;&nbsp;&nbsp;&nbsp;&nbsp;&nbsp;&nbsp;&nbsp;&nbsp;&nbsp;&nbsp;&nbsp;&nbsp;&nbsp;&nbsp;&nbsp;&nbsp;&nbsp;&nbsp;&nbsp;&nbsp;&nbsp;&nbsp;&nbsp;&nbsp;&nbsp;&nbsp;&nbsp;&nbsp;&nbsp;&nbsp;&nbsp;&nbsp; ISBN: 978-625-00-8778-7 Special [&hellip;]<\/p>\n","protected":false},"author":3,"featured_media":0,"parent":0,"menu_order":0,"comment_status":"closed","ping_status":"closed","template":"","meta":{"footnotes":""},"class_list":["post-884","page","type-page","status-publish","hentry"],"_links":{"self":[{"href":"https:\/\/icomss23.selcuk.edu.tr\/index.php\/wp-json\/wp\/v2\/pages\/884","targetHints":{"allow":["GET"]}}],"collection":[{"href":"https:\/\/icomss23.selcuk.edu.tr\/index.php\/wp-json\/wp\/v2\/pages"}],"about":[{"href":"https:\/\/icomss23.selcuk.edu.tr\/index.php\/wp-json\/wp\/v2\/types\/page"}],"author":[{"embeddable":true,"href":"https:\/\/icomss23.selcuk.edu.tr\/index.php\/wp-json\/wp\/v2\/users\/3"}],"replies":[{"embeddable":true,"href":"https:\/\/icomss23.selcuk.edu.tr\/index.php\/wp-json\/wp\/v2\/comments?post=884"}],"version-history":[{"count":91,"href":"https:\/\/icomss23.selcuk.edu.tr\/index.php\/wp-json\/wp\/v2\/pages\/884\/revisions"}],"predecessor-version":[{"id":2815,"href":"https:\/\/icomss23.selcuk.edu.tr\/index.php\/wp-json\/wp\/v2\/pages\/884\/revisions\/2815"}],"wp:attachment":[{"href":"https:\/\/icomss23.selcuk.edu.tr\/index.php\/wp-json\/wp\/v2\/media?parent=884"}],"curies":[{"name":"wp","href":"https:\/\/api.w.org\/{rel}","templated":true}]}}